ppose -u = -78 + l. What is the greatest common divisor of 114 and u?
38
Let n(f) = 2*f**2 + 22*f + 14. Let b be n(-11). Calculate the highest common factor of b and 182.
14
Let o(s) = s**3 - 11*s**2 + 20*s - 1. Let c(g) = -5*g - 1. Let i be c(-2). Let u be o(i). Calculate the greatest common divisor of u and 136.
17
Let h(k) = -k**3 + 7*k**2 + 2*k + 2. Let s be h(6). Let d be 1020/27 - (-8)/36. Let f be (d/10 + -3)*s. Calculate the highest common divisor of 100 and f.
20
Let l = 2107 - 1468. Calculate the highest common divisor of 18 and l.
9
Let a be (11/3)/((-1)/(-369)*3). Let g = a - 297. Calculate the greatest common divisor of g and 14.
14
Suppose -5*d + 4*d = 4*u - 29, -5*d - 3*u = -111. What is the highest common factor of d and 483?
21
Let n = 948 + -538. Calculate the greatest common divisor of n and 10.
10
Let w(u) = 4*u + 317. Let p be w(0). Let m = p - 182. Calculate the highest common divisor of 15 and m.
15
Suppose 112 = t + 6*t. Calculate the highest common divisor of 108 and t.
4
Suppose -2*q - 3*c = -251, 0 = 4*q - 106*c + 108*c - 522. Calculate the highest common factor of q and 209.
19
Let w(k) = 12*k + 9. Let j be w(2). Let t = -28 + 19. Let v = 13 - t. Calculate the greatest common divisor of j and v.
11
Suppose 4 - 64 = -5*w. Let y = w + 10. What is the greatest common factor of y and 11?
11
Let a = -98 + 53. Let d be (-3 - 1) + 3 - a. What is the highest common divisor of 55 and d?
11
Let f(k) = -k**2 + 10*k + 75. Let y be f(12). Let d be (2 - 1)/(2/66). Let m = d + -16. Calculate the highest common divisor of y and m.
17
Suppose -l - 3*h = -117, l + 13*h = 14*h + 121. What is the greatest common divisor of l and 555?
15
Suppose 7*q + 2437 = 2486. What is the highest common divisor of q and 497?
7
Let p be ((-13)/3)/(17/(-408)). Let b = 70 - 44. What is the highest common divisor of p and b?
26
Let j = -15 - -8. Let p be 1*7/(j/(-2)). Suppose -p*d = -6, s - 5*d = -0*s - 12. Calculate the greatest common factor of s and 24.
3
Suppose 4*o = 4, -2*o = -4*a - 4*o + 274. Calculate the greatest common divisor of 306 and a.
34
Suppose 2*q - 9 = -q. Let f = 13 - 7. Suppose 0 = f*l - 9*l + 9. What is the greatest common factor of q and l?
3
Let l be -21*(2 - 68/7). Let b be 3/(-21) - l/(-7). Calculate the greatest common divisor of b and 115.
23
Suppose -49*s + 303 = -89. Calculate the greatest common divisor of s and 14.
2
Let c be (0*(-2)/4)/2. Let n be 149 + 7 - (2 - c). Suppose 2*o + 2*q + 28 = 4*o, -5*o + 70 = 4*q. What is the greatest common divisor of n and o?
14
Let o(k) be the first derivative of k**2 + 132*k + 14. Let m be o(0). Suppose l + 3*l = m. Calculate the greatest common factor of 11 and l.
11
Let r be 54 - 3/(-3) - (3 - 6). Suppose -2*v + r = -0*v. Calculate the highest common factor of 58 and v.
29
Let t = -25 - -47. Suppose 83*d - 3539 = 2852. What is the greatest common factor of d and t?
11
Suppose 0 = -2*p + 3*s + 18, -38*p - 5*s + 70 = -33*p. Calculate the greatest common factor of 12 and p.
12
Suppose -4*g + 4*q = -88, -g = q - 14 - 0. What is the highest common factor of 120 and g?
6
Let z = -2083 - -2974. Let t be z/18 - 1/(-2). Let g = -5 + 15. What is the greatest common factor of g and t?
10
Let y be (-252 - -1)/(10 - 11). Let x = y - 166. Calculate the highest common divisor of 17 and x.
17
Let f = 176 + -50. Let l(i) = -i**3 + 10*i**2 - 9*i + 2. Let t be l(9). Let j be (8 + -1)*5/(5/t). What is the greatest common factor of j and f?
14
Let y be 3 + (-6)/(-8) + 125/100. Suppose 3*z = -2*w + 7, 2*z = -3*w - z + 12. What is the highest common divisor of w and y?
5
Let p be (-21)/(6/(-4)*(-8)/36). Let w be -1 + 26/3 - (-42)/p. Calculate the highest common divisor of w and 1.
1
Suppose -g - 348 = -3*g. What is the greatest common divisor of g and 6?
6
Suppose f + 352 = 5*q + 76, -f - 220 = -4*q. Let m be 13 - (-2 + 2 + -1). Calculate the highest common factor of m and q.
14
Suppose w = 2*h - 31, 3*h - 4*w - 29 = w. What is the greatest common divisor of h and 30?
6
Suppose -5*j = -w - 7 + 41, -3*j = w - 2. Let n(i) = -i**2 + 15*i + 19. Let t be n(w). What is the highest common divisor of 66 and t?
33
Let w be (-9)/(-12) - (-53)/4. Let m be 5/(0 + 0 + 1). Let q(g) = -g**3 + 9*g**2 - 6*g. Let k be q(m). What is the greatest common divisor of w and k?
14
Let t = -301 + 334. What is the greatest common divisor of t and 12?
3
Let j be 92/8 - 3/(-6). Let y = -39 + j. Let o be 18/y + 40/6. Calculate the highest common factor of 24 and o.
6
Let c be ((-15)/10)/(2/8). Let b(f) be the third derivative of -f**4/24 + 5*f**3/6 - 11*f**2. Let r be b(c). What is the greatest common divisor of r and 88?
11
Suppose 0 = 3*d - 663 + 192. Let g = d - 92. Let n = g - 25. Calculate the greatest common factor of n and 5.
5
Let s = -19 - 100. Let y = 169 + s. What is the highest common divisor of 20 and y?
10
Let i(a) = -25*a**3 + a**2 - 2*a. Let q be i(1). Let t = q - -36. Calculate the greatest common factor of 5 and t.
5
Let q(h) = 2*h**2 + 11*h + 22. Let r be q(4). Calculate the highest common divisor of r and 56.
14
Let x(j) = -21*j + 582. Let h be x(27). Calculate the greatest common factor of h and 135.
15
Let j = -1066 + 1210. Calculate the greatest common factor of j and 112.
16
Let v(z) = z + 15. Let l be 0/2*(-2 - -3). Suppose l*q + 5*q - 2*g + 10 = 0, 2*q + 4*g - 20 = 0. Let b be v(q). What is the greatest common factor of 5 and b?
5
Suppose 0 = -4*n + 9*n - 140. What is the greatest common factor of n and 308?
28
Let f(x) = -x**3 - x**2 + 77. Suppose 6*o + 15 = 3*o + 3*z, z - 5 = 3*o. Let h be f(o). Calculate the greatest common divisor of h and 7.
7
Suppose 0 = -2*q + 4*q - 8. Suppose q*x = x + 69. What is the highest common factor of 92 and x?
23
Let g(u) = u**2 - 6*u - 7. Let x be g(16). Let a(r) = -3*r - 40. Let j be a(-19). Calculate the greatest common factor of x and j.
17
Let r = 195 - 193. What is the greatest common divisor of 7 and r?
1
Suppose 20 = 5*a, -3*a = 3*l + 5 - 23. Suppose 15 = -l*p + 21. Calculate the greatest common divisor of p and 6.
3
Let o = -32 + 42. Let t = 1 + 9. Let c be 5/((0 - -2)/t). What is the highest common divisor of c and o?
5
Let w(c) = 2*c + 46. Let o(z) = -1. Let y(u) = -o(u) + w(u). Let v be y(-22). Suppose 0 = -x + 7 - 1. What is the greatest common divisor of v and x?
3
Let f be 7566/54 + 1/(-9). What is the greatest common divisor of 10 and f?
10
Let d(i) = 4*i - 18. Let k be d(6). Calculate the highest common divisor of k and 318.
6
Suppose -b - 221 = 4*d, -d + 5*b = d + 83. Let v = d + 68. What is the greatest common factor of v and 4?
2
Let s be 22/33 + 916/12. Calculate the greatest common factor of 1771 and s.
77
Let s be (-106)/((-1)/(3*(-5)/(-30))). Calculate the greatest common factor of s and 53.
53
Suppose 852 = f - 4*b, 0*b = 3*f + b - 2543. Calculate the highest common factor of f and 48.
16
Let p(u) = u**3 + 3*u**2 + u + 2. Let s be p(-4). Let h = s + 28. Suppose -4*w = -2*f + 24, 0 = 5*w + 25. What is the highest common divisor of f and h?
2
Let p = 563 - 525. What is the highest common divisor of 133 and p?
19
Let w be (119/3)/(2/6). Suppose -3*c + 0 = -9, 2*s - 65 = c. Calculate the highest common factor of w and s.
17
Suppose 0 = 340*f - 334*f - 1680. Calculate the greatest common divisor of 120 and f.
40
Let y(o) = 11*o**3 - 2*o**2 + 2*o**2 - o**2. Let d be y(1). Suppose -9*z - 8 = -d*z. Calculate the greatest common divisor of z and 32.
8
Suppose 0 = -l - 335 + 344. What is the greatest common factor of 99 and l?
9
Let l(p) = 17*p**2 - 3. Let m be l(2). What is the greatest common factor of m and 208?
13
Let n be -1*1 + 396/11. Suppose -38*r + n*r = -837. What is the greatest common factor of r and 31?
31
Suppose -12*d + 9*d + 6 = 0. Suppose v + 8 = 3*p, 18 + d = 5*v. What is the greatest common divisor of 20 and p?
4
Let w be (-2)/11 - 288/(-132). Suppose -2*b - 3*n - 5 = 0, w*n - 5 = n. Let o be 60*((-34)/b + -3). What is the highest common factor of 36 and o?
12
Suppose 24*p - 18656 = 8*p. What is the highest common factor of 106 and p?
106
Let a = -21 + 37. Let c be 42700/875 - (4/5 + 0). Let h be c/(-4 + 70/a). Calculate the greatest common divisor of h and 16.
16
Suppose -2*p + 91 = 5*k, 43 - 15 = 2*k + 5*p. What is the highest common fa